1 + (24 - 0) + -14 + 20.
19
Evaluate 28 + (1 - -15 - 2 - 12).
30
-2 - (60 - (1 + 32))
-29
Calculate (1 - -16) + -193 + 168.
-8
What is (40 + -24 - 10) + -6?
0
Calculate -4 + (13 - 12 - -18 - (-1 + 5)).
11
What is 2 + (-14 + -2 - (-5 + 9 - 4))?
-14
What is (12 - (36 + -36)) + (-9 - 0)?
3
What is the value of -14 - (31 + -42 + (-3 - 1))?
1
(11 - ((11 - -6) + 1)) + 0 + -7
-14
-5 + 20 + 5 + 1 + -9
12
Evaluate -7 + (-24 - -7) + 37.
13
Calculate -50 + 51 - (0 - (-1 - 5)).
-5
Evaluate -3 + (-5 - -1) + 7 + -2 + -1.
-3
1 + -9 - (-94 - -96) - 7
-17
Evaluate 7 + (-21 - 5 - -14).
-5
Calculate (-29 - 9) + 15 + (7 - 20).
-36
Evaluate 1 + (6 - (6 + 3)) + -3 + 5.
0
What is the value of -4 - (-62 + 7 - (-67 - -50))?
34
Evaluate 1 + (-2 - (9 + -4 + -5)) - 6.
-7
What is (1 - -3 - 1) + -4 + 2 + 4?
5
Evaluate -5 + (-7 - -8) + 2 + -12 - -2.
-12
Evaluate -2 + (-5 + 6 + -9 + 5 - -5).
0
What is 6 - ((2 - (-4 - -15)) + 16) - -20?
19
(-16 - -14 - 3) + 4
-1
19 + (-8 - -5) + -12
4
Calculate -35 + 76 + -24 - 54.
-37
Calculate 20 + -12 - 18 - (-8 + -2).
0
What is the value of 2 + (10 - (1 - -7)) - 7?
-3
1 - (-12 + 2 + 3 + 5 + -5)
8
What is the value of 134 - 116 - (33 - 6)?
-9
What is 16 + (0 - (1 + -2)) + -61 + 58?
14
(14 - 4) + 6 + -7 - 2
7
-1 + 5 + 4 - (112 + -105)
1
(-5 - -9) + (-1 + -8 - -2)
-3
What is (9736 - 9713) + (1 - (1 + 5 + -1))?
19
-5 - 10 - -14 - (6 + 10)
-17
What is the value of 2 - (-2 + 4) - ((3 - 1) + 1)?
-3
What is the value of (6 - (7 + -6) - 4) + 3?
4
What is -5 + -15 + 10 + (8 - -3)?
1
Calculate -1 - (21 - (-11 - (-10 + -1 + -8))).
-14
What is the value of -38 + (12 - 7) + 11?
-22
What is 1 + 20 + 10 + -24?
7
What is the value of -32 + 33 + 11 - -14?
26
Calculate -4 + (5 - (7 + 8)) - -27.
13
Evaluate ((0 - -10) + -7 - -1) + -4 + -1.
-1
What is the value of 6 - 2 - (114 - 104)?
-6
Calculate -6 + 8 + 13 + 0.
15
22 - 0 - (86 + -21 + -55)
12
Evaluate (28 - 24) + 2 + 4 - (-1 + 0).
11
5 + -17 + 1 - (0 - 5)
-6
What is 37 + -22 + -3 + -3 + -11?
-2
What is (22 - 4) + -43 - -36?
11
What is the value of -12 - (30 + -39 + -16)?
13
Calculate (-3 - (-24 - -19) - (-12 - -1)) + -3.
10
-2 + (10 - 31) - -17
-6
What is -21 + (-5 - 1) + 30?
3
Evaluate 8 + 20 + -28 + 4.
4
Evaluate 17 - (9 + 3 + -3 + -6).
14
What is (386 - 367) + -12 + (1 - 0)?
8
(-9 - -1) + -1 - (-170 + 167)
-6
Evaluate -43 + (-10 + 18 - -18).
-17
What is the value of (-7 - -9) + 13 + 0?
15
What is the value of (23 - (10 + 3 + -8)) + -22 + 24?
20
What is the value of -1 - (1 - 1 - 15 - (-8 + 5))?
11
Calculate 4 + -16 + -2 + 10 + 25.
21
Evaluate (-1915 - -1920) + (-27 - (-3 + 2 + 2)).
-23
Calculate -15 - (5 - 2 - (134 + -146)).
-30
What is the value of (5 + 1 - (-5 + 11)) + -10?
-10
Evaluate 3 - ((0 - -1) + -11).
13
What is (11 - 13 - -34) + -17?
15
Evaluate -8 - (-16 - (2 - 0)).
10
Calculate -5 + -2 + 14 + (10 - 9).
8
Calculate -2 + 0 - ((-7 - -5) + 6).
-6
Calculate -9 + 12 + (-6 - -9) - 18.
-12
What is the value of -6 + (-2 + 4 - 10 - (35 - 72))?
23
What is the value of 3 - (-12 - -1 - (33 - 18))?
29
What is -7 + -1 + -61 + 65?
-4
What is the value of -12 - -2 - (-16 - -19) - -6?
-7
What is the value of 1 - 0 - (41 + -26 + -16)?
2
2 + (0 - -1) + -4 + 3
2
Evaluate 21 + -8 + -7 - (-7 - -25).
-12
What is -12 + -1 - (-35 + 8)?
14
Calculate 0 - (1 - (-4 + 15 - -6)).
16
Evaluate 1 - 3 - 4 - -5 - -3 - -7.
9
Evaluate 6 - (-4 + -12 + 14).
8
Calculate 32 - (-10 - -38 - -29).
-25
Evaluate -19 + 7 + 2 - (-20 - 0) - -6.
16
What is the value of 4 + -5 + -2 + -4?
-7
-21 - (-13 - -3) - (-1 + 2)
-12
What is the value of -1 + (6 - -13) + (0 - 2) + -4?
12
Evaluate -2 + 2 - (-2 + (7 - 4) - -2).
-3
What is the value of 10 - (38 + -16 + -3)?
-9
What is the value of -5 - (3 + -16 + 21)?
-13
What is 23 + -33 + -17 + -5?
-32
Evaluate 13 + (-19 - -4) + -12 - -6.
-8
7 + -8 - -12 - -3 - 9 - 3
2
Evaluate 8 + (5 - (-7 + 20) - 0).
0
Evaluate 17 + -28 + -2 + -5.
-18
Evaluate -8 - (-1 - ((7 - (-2 + 3)) + -4)).
-5
What is the value of 6 - -2 - (5 - 2) - -2?
7
Calculate 13 + 0 - (8 + (10 - (-20 - -29))).
4
What is (8 + -7 + -8 - 0) + 0?
-7
Calculate 10 - (9 - 11) - (2 + (-6 - 2)).
18
What is the value of -1 - 9 - (2 + 18 - 48)?
18
0 + -9 - -1 - (-3 - 0) - 0
-5
Evaluate -10 - (-83 + 23 + 18).
32
Evaluate -1 + 10 + -5 + -14.
-10
What is the value of 10 - 5 - 1 - (-30 + -8 + 7)?
35
What is -3 + -1 + (-9 - 2 - (5 + -13))?
-7
What is (-3 - -5) + 1 + 0 + (52 - 44)?
11
Calculate -8 + (-8 + -1 - (-3 + 3)).
-17
What is 11 - 25 - -30 - 44?
-28
Evaluate (-15 - 3) + 164 + -144.
2
Calculate 6 - -1 - (-1 + 3) - 9.
-4
Calculate -30 + 40 + 11 + -1 + -8.
12
What is the value of -1548 + 1563 + (-1 - 6)?
8
-14 + 26 - 18 - -14
8
What is the value of -8 + -13 + (2 - -4) - -34?
19
What is the value of 0 - -13 - (-3 + 0 + 0)?
16
-21 - (-35 - (-6 - 23))
-15
What is 0 - (11 - 5 - -3 - 10)?
1
Calculate -28 - (-29 - -11) - (0 - 5).
-5
What is the value of 4 + (12 - 29) + 5?
-8
Calculate (32 - 40 - (-2 - 31)) + -10.
15
What is the value of -19 - ((20 - (6 - -10)) + 14)?
-37
What is the value of -16 - -2 - (2 - (14 + -20) - 2)?
-20
What is 20 + -14 + (0 - 4) - -7?
9
-119 + 132 + (-3 - -1 - 2)
9
-8 + (14 - 1) + -1 + (535 - 543)
-4
Calculate -33 + (20 - -21) + -16 + -1.
-9
Evaluate -48 + (-21 + 44 - -10).
-15
(0 + (0 - 3) - -19) + (57 - 61)
12
What is 2 + 3 + -7 + 193 + -178?
13
-1 - -8 - (2 + 5 + (58 - 44))
-14
3 - -6 - (-8 + 3 + -4 + 3)
15
What is (-2 + -2 - (-30 - -19)) + 11?
18
Evaluate 1 - 1 - (1 - (2 - -8)).
9
What is 4 + (-2 - -4) - 1?
5
What is the value of 4 - (-3 - 5 - -5) - (11 - 11)?
7
What is -46 + 3 + 4 + (-12 - -28)?
-23
Calculate -66 + 33 + (10 - -27).
4
Evaluate (-3 - 1) + -20 - -21.
-3
-33 + -15 + 26 + 5
-17
What is the value of -4 + 2 + 12 + -45 + 32?
-3
What is 19 + (-7 - (0 + 2 + -5) - 2)?
13
Evaluate (-6 + (8 - (3 - 4)) - -6) + -22.
-13
Evaluate -8 + 11 + 7 + 5 + -7 + -20.
-12
What is (-13 - -60 - 26) + 10 + 3?
34
What is (5 + (14 - 1) - 15) + -1 + -8?
-6
What is the value of (-28 - -5) + (9 - 14 - (-14 + 3))?
-17
Evaluate 22 + 6 + -18 + 6 + (-28 - -22).
10
Calculate (0 - (2 + -2)) + (10 - (21 + 0)).
-11
What is the value of 132 + -117 - (-16 + 2)?
29
(0 - (13 + -18)) + -1
4
Evaluate -164 + 137 + -1 + 25.
-3
Evaluate -19 + (-3 - (1 - (-3 + 5))) + 7.
-14
1 + (-26 - -18) + -3
-10
What is -5 + 24 + -20 + -22 + (9 - 1)?
-15
-1 + (12 + (-2 - 5) - 7)
-3
What is (-5 - (1 + -5)) + -6 + -5?
-12
-7 + -3 + -1 - (3 - 9)
-5
Calculate 0 - ((56 - 41) + -5).
-10
4 - (5 + (35 - 20))
-16
Calculate 21 - 30 - (-22 + 0).
13
What is the value of 23 - 35 - (-10 + 6)?
-8
What is (-5 - -10) + -34 + 3 + 6 + 2?
-18
What is the value of -2 - 2 - (3 + -8 - -10) - 7?
-16
Evaluate (1 - -5) + (-313 - -339).
32
7 + 1 + (3 - 13) + 37
35
What is (17 + -39 - (-2 + 6)) + -14?
-40
Evaluate -65 - -47 - (1 + -9).
-10
10 + -1 - (-3 + 21) - (3 + -1)
-11
What is the value of -10 + (-23 - 11 - -21)?
-23
(5 - -3) + (18 - 15) + -3
8
What is the value of -12 - (-9 - -4) - (5 + -3 + 1)?
-10
Evaluate ((-4 - -5) + -7 - 9) + 6.
-9
What is the value of 9 - ((-10 - 4 - -12) + 2)?
9
-7 + 10 + -17 + 14 + -19
-19
Evaluate -3 - ((1 - 1) + -4 - (-1469 - -1459)).
-9
What is the value of -4 + 1 - ((6 - -1) + (12 - -2))?
-24
-136 + 140 + (-7 - (-2 + 3 - 3))
-1
What is the value of (3 - (7 - (-10 + 2))) + 35?
23
What is 285 + -278 - (2 - (-1 + 5 - 1))?
8
What is the value of 17 + (-11 - (5 + 1 + -11)) - 2?
9
What is the value of (2 - (2 + -3 + -9)) + -36?
-24
-15 + (1 + 16 - -6)
8
Calculate -15 + (7 - -17) + -11.
-2
Calculate -6 + 1 + (50 - (79 + -46)).
12
What is the value of 10 + (9 + 7 - 15)?
11
Evaluate -27 + (-11 - (9 - 4) - (28 - 36)).
-35
What is the value of (-4 + (6 - -1) - -15) + (-7 - -1)?
12
5 + (-23 - -5 - -11) + (0 - -5)
3
Calculate -6 + (1 - (-1 + -10)) - -7.
13
(30 - 18 - 18) + -7
-13
Calculate -24 - -9 - (3 - -1) - -5 - 6.
-20
Calculate 0 - 6 - (336 - 341) - (-17 + 0).
16
Calculate -5 - ((9 - 7) + (-2 - -3 - 9)).
1
What is -1 - -2 - ((-5 - -2) + -1 + 3)?
2
What is the value of (5 - -5) + 9 + -8 - 5?
6
Evaluate (2 - 4) + (-1 - (11 - 7)).
-7
What is (-17 - -22) + -13 + 3 - -6 - 14?
-13
(26 - 13) + -12 + (-16 - -2)
-13
What is the value of -115 + 105 + (28 - (2 - 5))?
21
Evaluate -3 - -2 - (-8 - (-18 - -6) - 8).
3
Evaluate (-3 - 3) + 9 + (-2 - 1) + -4.
-4
Calculate -41 - (38 + -83 + 29).
-